{"id":8,"date":"2024-07-08T17:03:58","date_gmt":"2024-07-08T17:03:58","guid":{"rendered":"https:\/\/nutriponta.com.br\/blog\/?page_id=8"},"modified":"2024-07-08T14:53:31","modified_gmt":"2024-07-08T17:53:31","slug":"blog","status":"publish","type":"page","link":"https:\/\/nutriponta.com.br\/blog\/","title":{"rendered":"Blog"},"content":{"rendered":"\t\t<div data-elementor-type=\"wp-post\" data-elementor-id=\"8\" class=\"elementor elementor-8\">\n\t\t\t\t<div class=\"elementor-element elementor-element-8d059d6 e-con-full e-flex e-con e-parent\" data-id=\"8d059d6\" data-element_type=\"container\" data-e-type=\"container\" data-settings=\"{&quot;background_background&quot;:&quot;classic&quot;}\">\n\t\t\t\t<div class=\"elementor-element elementor-element-6310bc9 elementor-widget elementor-widget-heading\" data-id=\"6310bc9\" data-element_type=\"widget\" data-e-type=\"widget\" data-widget_type=\"heading.default\">\n\t\t\t\t<div class=\"elementor-widget-container\">\n\t\t\t\t\t<h2 class=\"elementor-heading-title elementor-size-default\">Blog<\/h2>\t\t\t\t<\/div>\n\t\t\t\t<\/div>\n\t\t\t\t<\/div>\n\t\t<div class=\"elementor-element elementor-element-d9fde9e e-flex e-con-boxed e-con e-parent\" data-id=\"d9fde9e\" data-element_type=\"container\" data-e-type=\"container\">\n\t\t\t\t\t<div class=\"e-con-inner\">\n\t\t<div class=\"elementor-element elementor-element-84d02e8 e-con-full e-flex e-con e-child\" data-id=\"84d02e8\" data-element_type=\"container\" data-e-type=\"container\" data-settings=\"{&quot;background_background&quot;:&quot;classic&quot;}\">\n\t\t\t\t<div class=\"elementor-element elementor-element-0933d27 elementor-widget elementor-widget-elementskit-post-list\" data-id=\"0933d27\" data-element_type=\"widget\" data-e-type=\"widget\" data-widget_type=\"elementskit-post-list.default\">\n\t\t\t\t<div class=\"elementor-widget-container\">\n\t\t\t\t\t<div class=\"ekit-wid-con\" >\t\t<ul class=\"elementor-icon-list-items ekit-post-list-wrapper \">\n\t\t\t\t\t\t<li class=\"elementor-icon-list-item   \">\n\t\t\t\t<a href=\"https:\/\/nutriponta.com.br\/blog\/blog\/2024\/07\/08\/hello-world\/\" >\n\t\t\t\t\t<img fetchpriority=\"high\" decoding=\"async\" width=\"300\" height=\"200\" src=\"https:\/\/nutriponta.com.br\/blog\/wp-content\/uploads\/2024\/07\/castracao-de-caes-e-gatos-1-300x200.webp\" class=\"attachment-medium size-medium wp-post-image\" alt=\"\" srcset=\"https:\/\/nutriponta.com.br\/blog\/wp-content\/uploads\/2024\/07\/castracao-de-caes-e-gatos-1-300x200.webp 300w, https:\/\/nutriponta.com.br\/blog\/wp-content\/uploads\/2024\/07\/castracao-de-caes-e-gatos-1-600x400.webp 600w, https:\/\/nutriponta.com.br\/blog\/wp-content\/uploads\/2024\/07\/castracao-de-caes-e-gatos-1-768x512.webp 768w, https:\/\/nutriponta.com.br\/blog\/wp-content\/uploads\/2024\/07\/castracao-de-caes-e-gatos-1.webp 1500w\" sizes=\"(max-width: 300px) 100vw, 300px\" \/>\t\t\t\t\t<div class=\"ekit_post_list_content_wraper\">\n\t\t\t\t\t\t\t\t\t\t\t\t\t\t\t\t\t\t<div class=\"meta-lists\">\n\t\t\t\t\t\t\t\t\t\t\t\t\t\t<span class=\"meta-date\">\n\n\t\t\t\t\t\t\t\t<i aria-hidden=\"true\" class=\"icon icon-calendar-page-empty\"><\/i>\n\t\t\t\t\t\t\t\t08 jul 2024\t\t\t\t\t\t\t<\/span>\n\t\t\t\t\t\t\t\n\t\t\t\t\t\t\t\t\t\t\t\t\t<\/div>\n\t\t\t\t\t\t\n\t\t\t\t\t\t<span class=\"elementor-icon-list-text\">Por que C\u00e3es e Gatos N\u00e3o Podem Comer da Mesma Ra\u00e7\u00e3o?<\/span>\n\n\t\t\t\t\t\t\t\t\t\t\t<\/div>\n\t\t\t\t<\/a>\n\t\t\t<\/li>\n\t\t\t\t<\/ul>\n\t\t<\/div>\t\t\t\t<\/div>\n\t\t\t\t<\/div>\n\t\t\t\t<\/div>\n\t\t<div class=\"elementor-element elementor-element-342f4cd e-con-full e-flex e-con e-child\" data-id=\"342f4cd\" data-element_type=\"container\" data-e-type=\"container\">\n\t\t\t\t<div class=\"elementor-element elementor-element-f0a6c04 elementor-widget elementor-widget-elementskit-blog-posts\" data-id=\"f0a6c04\" data-element_type=\"widget\" data-e-type=\"widget\" data-widget_type=\"elementskit-blog-posts.default\">\n\t\t\t\t<div class=\"elementor-widget-container\">\n\t\t\t\t\t<div class=\"ekit-wid-con\" >        <div id=\"post-items--f0a6c04\" class=\"row post-items\">\n                    <div class=\"col-md-12\">\n\n                                    <div class=\"elementskit-blog-block-post\">\n                        <div class=\"row no-gutters\">\n                                                            <div class=\"col-md-6 order-1\">\n                                    <a href=\"https:\/\/nutriponta.com.br\/blog\/blog\/2024\/07\/08\/hello-world\/\" class=\"elementskit-entry-thumb\">\n                                        <img decoding=\"async\" src=\"https:\/\/nutriponta.com.br\/blog\/wp-content\/uploads\/2024\/07\/castracao-de-caes-e-gatos-1-600x400.webp\" alt=\"Por que C\u00e3es e Gatos N\u00e3o Podem Comer da Mesma Ra\u00e7\u00e3o?\">\n                                    <\/a><!-- .elementskit-entry-thumb END -->\n                                <\/div>\n                            \n                            <div class=\"col-md-6 order-2\">\n                                <div class=\"elementskit-post-body \">\n                                    <div class=\"elementskit-entry-header\">\n                                        \n                                                                                            \t\t\t\t\t                                            \n                                            \n                                                                                            \t\t\t\t<h2 class=\"entry-title\">\n\t\t\t\t\t<a href=\"https:\/\/nutriponta.com.br\/blog\/blog\/2024\/07\/08\/hello-world\/\">\n\t\t\t\t\t\tPor que C\u00e3es e Gatos N\u00e3o Podem Comer da Mesma Ra\u00e7\u00e3o?\t\t\t\t\t<\/a>\n\t\t\t\t<\/h2>\n\t\t\t                                                                                <\/div><!-- .elementskit-entry-header END -->\n\n                                                                            <div class=\"elementskit-post-footer\">\n                                                                                            <p>Quando se trata de alimentar nossos amigos de quatro patas, \u00e9 crucial entender que c\u00e3es e gatos t\u00eam necessidades nutricionais distintas. Embora possa parecer pr\u00e1tico oferecer a mesma ra\u00e7\u00e3o para ambos, isso pode resultar em problemas de sa\u00fade a longo prazo. Necessidades Nutricionais Diferentes C\u00e3es e gatos s\u00e3o animais com metabolismos e necessidades alimentares diferentes. [&hellip;]<\/p>\n                                                                                                                                <\/div><!-- .elementskit-post-footer END -->\n                                                                    <\/div><!-- .elementskit-post-body END -->\n                            <\/div>\n                        <\/div>\n                    <\/div><!-- .elementskit-blog-block-post .radius .gradient-bg END -->\n                \n            <\/div>\n                <\/div>\n       <\/div>\t\t\t\t<\/div>\n\t\t\t\t<\/div>\n\t\t\t\t<\/div>\n\t\t\t\t\t<\/div>\n\t\t\t\t<\/div>\n\t\t\t\t<\/div>\n\t\t","protected":false},"excerpt":{"rendered":"<p>Blog 08 jul 2024 Hello world! Hello world! Welcome to WordPress. This is your first post. Edit or delete it, then start writing!<\/p>\n","protected":false},"author":1,"featured_media":0,"parent":0,"menu_order":0,"comment_status":"closed","ping_status":"closed","template":"elementor_header_footer","meta":{"nf_dc_page":"","footnotes":""},"class_list":["post-8","page","type-page","status-publish","hentry"],"_links":{"self":[{"href":"https:\/\/nutriponta.com.br\/blog\/wp-json\/wp\/v2\/pages\/8","targetHints":{"allow":["GET"]}}],"collection":[{"href":"https:\/\/nutriponta.com.br\/blog\/wp-json\/wp\/v2\/pages"}],"about":[{"href":"https:\/\/nutriponta.com.br\/blog\/wp-json\/wp\/v2\/types\/page"}],"author":[{"embeddable":true,"href":"https:\/\/nutriponta.com.br\/blog\/wp-json\/wp\/v2\/users\/1"}],"replies":[{"embeddable":true,"href":"https:\/\/nutriponta.com.br\/blog\/wp-json\/wp\/v2\/comments?post=8"}],"version-history":[{"count":6,"href":"https:\/\/nutriponta.com.br\/blog\/wp-json\/wp\/v2\/pages\/8\/revisions"}],"predecessor-version":[{"id":13,"href":"https:\/\/nutriponta.com.br\/blog\/wp-json\/wp\/v2\/pages\/8\/revisions\/13"}],"wp:attachment":[{"href":"https:\/\/nutriponta.com.br\/blog\/wp-json\/wp\/v2\/media?parent=8"}],"curies":[{"name":"wp","href":"https:\/\/api.w.org\/{rel}","templated":true}]}}